et p be 6*-2*(-4)/z. Let a(l) = -l**3 - 5*l**2 + 6*l + 4. Determine a(p).
4
Let h = 3 + 0. Let y(w) = -4*w**3 - w**2 + 2*w - 1. Let c(d) = -31*d**3 - 10*d**2 + 15*d - 8. Let f(z) = c(z) - 8*y(z). Give f(h).
6
Let w(u) = -4*u**2 - u + 2. Let y(o) = 9*o**2 + 2*o - 5. Let j(g) = 7*w(g) + 3*y(g). Let l = -36 + 37. Let f be 5 - 2 - 3/l. What is j(f)?
-1
Suppose 16*i + 534 = -73*i. Let d(k) = -k**2 - 7*k + 8. Determine d(i).
14
Let a(n) = -4*n - 5. Let l be (6 - 8)*(-17)/(-2). Let k be (-1 - -1) + (-21 - l). What is a(k)?
11
Let f(v) = v**2 + 3*v + 8. Let r(o) = -5*o - 14. Let j be r(-2). Calculate f(j).
12
Suppose 4*j - 264 = 4*c - 6*c, -j + 5*c + 44 = 0. Let r = -64 + j. Let g(u) = 0*u**3 - u**2 + u**3 - 2*u**3 - 3. Determine g(r).
-3
Let v(p) = -p**3 + 11*p**2 - 11*p + 3. Let t be v(10). Let n(x) = 30*x - 15*x - 10 - 16*x. What is n(t)?
-3
Let j be ((-28)/49)/(4/(-14)) - 2. Let r(m) be the first derivative of m**4/24 + 2*m**3 - m**2 - 4. Let p(n) be the second derivative of r(n). Give p(j).
12
Let x(a) be the first derivative of -a**2/2 + 7*a - 1. Let n(l) = 3*l**2 + 5*l + 4. Let y be n(-2). Suppose -i + 4 = -2*f - y*i, f = -2*i. What is x(f)?
-1
Let f(b) = -b**3 - 6*b**2 - 5*b + 2. Let c be f(-5). Let a(v) = -3*v**2 + v - v**3 + 21*v**2 - 17*v**2. Determine a(c).
-2
Let g(v) be the third derivative of -v**5/60 + 7*v**3/6 - 381*v**2. Calculate g(4).
-9
Let x(n) = -n**3 + 2*n**2 - n + 4. Let k be x(2). Let q(s) = -4*s + 8*s - k*s. Give q(2).
4
Let m(r) be the first derivative of r**2/2 + r + 13. Suppose -2*y + 2*t = -2*t - 18, -t = -4*y + 22. Let l = y + -1. What is m(l)?
5
Let k(d) = 481*d + 1 - 479*d - 9. Determine k(3).
-2
Let z(t) = -t**3 - 5*t**2 - 4*t - 5. Suppose -70*y + 77*y + 28 = 0. Determine z(y).
-5
Suppose 13*r - 8 - 18 = 0. Let i(c) = 5*c - c**3 + 6*c + 4*c**r + 8*c + 1 - 20*c. Give i(4).
-3
Let j(o) = 4*o + 37. Suppose 48 = -5*a - 2*y, 0*a + 4*a = -2*y - 38. What is j(a)?
-3
Let b(z) = -10 + 15 + 11 - z. Let k = 14 - 15. Let g = k + 8. Give b(g).
9
Let v(w) = 9*w - 4. Let j(r) = -5*r + 3. Let y(p) = -11*j(p) - 6*v(p). What is y(13)?
4
Let p(t) be the second derivative of t**5/60 + 3*t**4/8 + 2*t**3/3 - 19*t**2/2 + 36*t. Let g(c) be the first derivative of p(c). Calculate g(-6).
-14
Let j(u) = u**2 + 18*u - 88. Let v be j(-22). Let y(i) be the third derivative of i**2 + 0 - 5/3*i**3 + 0*i - 1/24*i**4. Determine y(v).
-10
Let m(b) be the second derivative of b**3/3 - 3*b**2/2 + 55*b. Calculate m(-3).
-9
Let z(r) = r + 0*r + 2*r - 86 + 39 - 18. Determine z(23).
4
Suppose 4*x + 0*x + 32 = 0. Let o(j) be the first derivative of 26 - 12*j - 9/2*j**2 - 1/3*j**3. Give o(x).
-4
Let d(n) be the first derivative of n**4/4 + n**3/3 + n - 571. What is d(-2)?
-3
Suppose -5*l + 12 = 2. Let n(w) = 1 - 2*w**2 - w**2 - 4*w**2 - w**l - w**3 - 7*w. Give n(-7).
1
Let n(s) be the third derivative of -s**7/5040 - s**6/720 + s**5/5 + 4*s**2. Let u(o) be the third derivative of n(o). Suppose -5*r = 8 - 3. Give u(r).
0
Let q be -3*(42/(-9) - -4). Let o(g) = -22 - 3*g**3 + 3*g + 25 + 2*g**2 + q*g**3. Calculate o(3).
3
Let k(u) be the third derivative of -u**7/2520 + u**6/360 + u**5/30 - 7*u**4/24 + 23*u**2. Let j(a) be the second derivative of k(a). Give j(4).
-4
Let q(r) = 10*r**3 - r. Suppose 14 + 19 = -33*s. Give q(s).
-9
Suppose 9*l + 20 = 65. Let c(t) = 7*t**2 - 9*t + 17. Let d(z) = 4*z**2 - 4*z + 9. Let r(i) = l*d(i) - 3*c(i). What is r(4)?
6
Let l(s) be the third derivative of -s**7/840 + s**6/180 - s**4/24 + 11*s**3/3 - 12*s**2. Let m(d) be the first derivative of l(d). Determine m(2).
-1
Let q(h) = 3*h + 73811 - h**3 + 5*h**2 - 73817 + 7*h - 3*h. Calculate q(6).
0
Suppose 3*p + 5*x + 5 = 0, -p = -3*x - 1 + 12. Let r(m) = 7*m - 5 - 8*m - 1 - 5. What is r(p)?
-6
Let k = -37 + 60. Let j be (-3)/6*4 + k. Let p = 25 - j. Let r(x) = x**2 - 6*x + 3. Calculate r(p).
-5
Let k(y) = -5*y - 3. Let f(m) = 2*m - 12. Let v be f(7). Let n be 0/(-13) + v/(-1). What is k(n)?
7
Let y(g) = g**2 + 9*g + 6. Let m(b) = b**3 - 2*b**2 + 2. Let s be m(2). Suppose 3*i - 4*x = 43, 2*i + s*x = 48 + 4. Suppose 2*u - 7 = -i. Calculate y(u).
-8
Let q = -3 + 9. Let u(p) be the second derivative of p**4/12 - 2*p**3/3 - p**2/2 + 1100*p. Determine u(q).
11
Let p(h) = 0*h + 6*h + 39 - 51 - 5*h. Give p(6).
-6
Let w = 9 + -7. Let o(a) be the second derivative of a**4/12 + a**3/2 - a**2 + 2*a + 7. Calculate o(w).
8
Suppose 0 = 3*s - 24 + 24. Let o(m) be the second derivative of -1/3*m**3 - 3*m + s - 2*m**2. Determine o(-6).
8
Let k(n) = 46*n**2 - 45*n**2 - 6 - 3*n - 3*n + 2*n. Give k(7).
15
Let u(h) = -3*h**2 - h. Let n(f) = 5*f**2 + 2*f. Let t = -17 + 12. Let r(d) = t*n(d) - 8*u(d). What is r(-2)?
0
Suppose -14 = -8*j + 2. Suppose -o = 3*b + 7, 0 = j*b + o + 7 - 1. Let n(h) = -8*h + 1. What is n(b)?
9
Let s(r) = r - 1. Let m(w) = -2*w + 1. Let i(v) = -2*m(v) - 3*s(v). Suppose 10 = -5*d + 2*y, 4*y = 5*d + y + 15. Give i(d).
1
Let h(n) = -4*n**3 + 14*n**2 + 10*n - 13. Let u(o) = -5*o**3 + 17*o**2 + 12*o - 15. Let g(r) = 6*h(r) - 5*u(r). What is g(0)?
-3
Let u(g) = -2*g**2 - 7*g. Let z(m) = m + 1. Let w(f) = -u(f) - 2*z(f). Suppose 17*i + 8 = 15*i. Calculate w(i).
10
Let d be (5 + -6 - -3) + 1. Suppose -1 = -d*n + 8. Let k(z) be the third derivative of -z**6/120 + z**5/12 - 5*z**4/24 + z**3/3 + z**2. What is k(n)?
5
Let w(l) = l - 11. Suppose -5*z - 11 = -2*z - 5*c, -8 = -4*z + c. Suppose 8 - z = x. Calculate w(x).
-6
Suppose 7*k - 10 = 8*k. Let a = 8 + k. Let s(c) = 13*c**3 + 19*c**2 - 15*c - 6. Let q(j) = -7*j**3 - 10*j**2 + 8*j + 3. Let g(v) = 11*q(v) + 6*s(v). Give g(a).
9
Let h(k) = -8*k**2 - 3*k + 2*k**2 + k**3 + 8*k - 4. Suppose -13 = 21*m - 97 + 21. What is h(m)?
-16
Let i(t) = -t**2 + 2*t - 1. Let x(r) = -r**3 - 6*r**2 - 8*r + 5. Let f be x(-4). Suppose 2*g - f + 3 = -4*u, -5*u = 4*g - 4. Determine i(g).
0
Let c = 47 - 45. Let f(z) = -3*z - c - 4 - 8 + z**2 + 11. What is f(-2)?
7
Let f(m) = m**2 + 6*m - 2. Let w(u) = -16*u**3 - 3*u**2 - 3*u - 1. Let l be w(-1). Let s = -3 + l. Suppose -y = 2*y + s. What is f(y)?
-10
Suppose 0 = -2*v + 14 - 8. Suppose -m = -2*d + 15, 7 - 3 = d + v*m. Let r(w) = w**2 - 5*w - 6. Calculate r(d).
8
Let h(j) = -72*j - 80*j + 151*j + 7. Let q(f) = -f**3 - 2*f**2 - 3*f - 3. Let l(o) = -o - 1. Let u be l(1). Let w be q(u). Determine h(w).
4
Suppose -31*w + 26*w = -35. Let f(q) = -73 + 7*q + q**3 - 81 + w*q**2 + 161. Determine f(-6).
1
Let h(p) be the second derivative of 11/2*p**2 + 0 + 1/6*p**3 - 6*p. Suppose 5*x + s + 33 = 0, 3*s = 3*x + 2*x + 21. Determine h(x).
5
Let b(s) = -6837*s**2 - 6832*s**2 + 9 - 14*s + 13668*s**2 + 5. Give b(-15).
-1
Suppose 3*d = 4*q - 6, -5*q = -2*d - 5 - 6. Let r(v) = 12575*v**3 - 4 + v**2 - 12576*v**3 + 4. Determine r(d).
-4
Let b = 114 + -112. Let s(g) be the first derivative of -g**2/2 - g - 2. Calculate s(b).
-3
Let s be (3/9*-1)/((-2)/12). Suppose -s*i - 9 = f, -15 = -3*i + 7*i - f. Let z(y) = y**3 + 3*y**2 - 4*y + 3. What is z(i)?
3
Let h(p) = -2*p - 21. Let o(w) = -10*w + 160. Let u be o(17). Determine h(u).
-1
Suppose 52*n - 88 - 68 = 0. Let o(s) = s - 5. Determine o(n).
-2
Suppose 0 = 5*v + 1 - 71. Suppose -2*p + 4 = 4*q, q + 4*q = 2*p + v. Let x(r) = r**q + 0*r**2 - 2*r - r**2 + r**2 - 2. Calculate x(-3).
13
Let p(a) = -a**2 + a + 16*a**3 - 2*a**2 + a**2. Suppose 13*c = -15 + 28. Determine p(c).
15
Let b(u) = -u**3 + 5*u**2 + 6*u - 10. Let n be b(5). Let o(v) = -n*v**2 + 4*v - v**3 + 14*v**2 + 3*v**3 - 1 - v**3. What is o(5)?
-6
Let f(k) be the second derivative of k**5/20 + k**4/2 - k**2 - 2398*k. Let j be 3/9 + (-19)/3. Give f(j).
-2
Suppose -19*n - 30 = -13*n. Let q(o) = -2*o - 4. Give q(n).
6
Let l = 2 - 7. Let y(g) = 4*g - 1. Let b(c) = -9*c + 1. Let j(r) = l*y(r) - 2*b(r). Let o(z) = -2*z + 2. Let m(w) = -4*j(w) + 5*o(w). Calculate m(-6).
10
Let q(m) = 5*m - 4*m - 17 + 16. Let v(f) = -2*f + 2. Suppose -5*z - 20 = -55. Let k(b) = z*q(b) + 3*v(b). Calculate k(-2).
-3
Let n(g) be the second derivative of 0 + 4*g - 1/12*g**4 + 0*g**2 - 1/3*g**3. Let p be n(-2). Let k(v) = v**3 - v**2 - 5. What is k(p)?
-5
Let o = 916 - 930. Let i(n) = -n**3 - 13*n**2 + 12*n - 23. Calculate i(o).
5
Let j = 56 + -55. Let v(n) = -12*n. What is v(j)?
-12
Let t(h) = h - 6. Suppose 2*f = 4*f + 10. Let v(p) = -1. Let u(n) = n**2 + 5*n